ivided by 580?
26
Calculate the remainder when 3058585 is divided by 509763.
7
What is the remainder when 198675 is divided by 87?
54
What is the remainder when 2330522 is divided by 319?
227
Calculate the remainder when 750661 is divided by 4036.
4001
What is the remainder when 180994216 is divided by 21?
4
What is the remainder when 323711 is divided by 5391?
251
What is the remainder when 958856 is divided by 136889?
633
Calculate the remainder when 83967 is divided by 82715.
1252
Calculate the remainder when 2407063 is divided by 481410.
13
What is the remainder when 1243887 is divided by 20062?
43
Calculate the remainder when 8293197 is divided by 2073296.
13
What is the remainder when 1542827 is divided by 270?
47
Calculate the remainder when 603795 is divided by 555.
510
Calculate the remainder when 28365258 is divided by 320.
138
Calculate the remainder when 1324391 is divided by 95.
91
What is the remainder when 2383231 is divided by 2383168?
63
Calculate the remainder when 303460 is divided by 8666.
150
Calculate the remainder when 37514 is divided by 18634.
246
Calculate the remainder when 42576 is divided by 42461.
115
Calculate the remainder when 2834536 is divided by 2834528.
8
Calculate the remainder when 117815 is divided by 525.
215
Calculate the remainder when 665736351 is divided by 261.
258
Calculate the remainder when 224595 is divided by 1029.
273
Calculate the remainder when 9969621 is divided by 1094.
1093
What is the remainder when 1986502 is divided by 628?
138
What is the remainder when 3468790 is divided by 40?
30
What is the remainder when 7221957 is divided by 36?
33
What is the remainder when 439556074 is divided by 26?
22
Calculate the remainder when 30917314 is divided by 9566.
2
Calculate the remainder when 5695040 is divided by 2172.
56
Calculate the remainder when 40844883 is divided by 32.
19
Calculate the remainder when 29472 is divided by 29351.
121
Calculate the remainder when 45152243 is divided by 396.
323
Calculate the remainder when 178519 is divided by 1360.
359
What is the remainder when 57785 is divided by 57774?
11
What is the remainder when 24125853 is divided by 588435?
18
Calculate the remainder when 3428709 is divided by 201688.
13
Calculate the remainder when 11799954 is divided by 85.
84
Calculate the remainder when 2725328 is divided by 545017.
243
What is the remainder when 142153 is divided by 10514?
5471
Calculate the remainder when 10169 is divided by 5083.
3
What is the remainder when 6725110 is divided by 1229?
22
What is the remainder when 9276646 is divided by 1184?
6
What is the remainder when 195107 is divided by 14523?
6308
What is the remainder when 1237922 is divided by 412569?
215
What is the remainder when 4748395 is divided by 4031?
3908
Calculate the remainder when 79635554 is divided by 13.
11
Calculate the remainder when 60975 is divided by 8499.
1482
What is the remainder when 12467976 is divided by 1519?
24
Calculate the remainder when 5709438 is divided by 39.
33
What is the remainder when 114659 is divided by 5208?
83
Calculate the remainder when 385498 is divided by 130.
48
What is the remainder when 12651578 is divided by 136038?
44
What is the remainder when 2084 is divided by 1032?
20
What is the remainder when 81246 is divided by 4726?
904
Calculate the remainder when 3219954 is divided by 87024.
66
What is the remainder when 70439613 is divided by 13?
10
What is the remainder when 67791 is divided by 12548?
5051
Calculate the remainder when 29247 is divided by 9120.
1887
Calculate the remainder when 294954 is divided by 4321.
1126
What is the remainder when 3456467 is divided by 174?
131
What is the remainder when 16843399 is divided by 52?
27
What is the remainder when 3348814 is divided by 9?
4
Calculate the remainder when 222815278 is divided by 1048.
1046
What is the remainder when 59840758 is divided by 49?
47
What is the remainder when 16995 is divided by 16782?
213
Calculate the remainder when 49052 is divided by 92.
16
Calculate the remainder when 2697 is divided by 109.
81
What is the remainder when 146403 is divided by 8080?
963
What is the remainder when 423159 is divided by 5640?
159
Calculate the remainder when 16598077 is divided by 45851.
15
What is the remainder when 66109 is divided by 65696?
413
What is the remainder when 153575556 is divided by 74048?
4
Calculate the remainder when 35448743 is divided by 24.
23
What is the remainder when 185645 is divided by 61636?
737
Calculate the remainder when 508843 is divided by 476.
475
Calculate the remainder when 50724 is divided by 16717.
573
Calculate the remainder when 1029304 is divided by 2275.
1004
What is the remainder when 6546357 is divided by 533?
51
Calculate the remainder when 114481 is divided by 53123.
8235
Calculate the remainder when 94585 is divided by 177.
67
Calculate the remainder when 66293755 is divided by 147.
136
What is the remainder when 52595 is divided by 2621?
175
What is the remainder when 273026 is divided by 272813?
213
Calculate the remainder when 99290 is divided by 3305.
140
Calculate the remainder when 433929 is divided by 85.
4
What is the remainder when 350562 is divided by 564?
318
What is the remainder when 86490438 is divided by 17298086?
8
What is the remainder when 467568 is divided by 31?
26
Calculate the remainder when 4016717 is divided by 31.
16
Calculate the remainder when 714098 is divided by 1097.
1048
What is the remainder when 235737 is divided by 78403?
528
Calculate the remainder when 260374251 is divided by 2656880.
11
What is the remainder when 256378 is divided by 256144?
234
Calculate the remainder when 464256 is divided by 153622.
3390
Calculate the remainder when 109181 is divided by 21211.
3126
What is the remainder when 16746388 is divided by 167?
129
Calculate the remainder when 1970826 is divided by 40.
26
Calculate the remainder when 3152504 is divided by 11547.
173
What is the remainder when 165221403 is divided by 53?
51
Calculate the remainder when 3949354 is divided by 916.
478
Calculate the remainder when 41535444 is divided by 48.
36
Calculate the remainder when 33095035 is divided by 390.
25
What is the remainder when 96398 is divided by 32123?
29
Calculate the remainder when 49241 is divided by 24567.
107
Calculate the remainder when 21156225 is divided by 790.
25
Calculate the remainder when 8705798 is divided by 303.
2
What is the remainder when 3604291 is divided by 120143?
1
What is the remainder when 4294379 is divided by 44?
23
Calculate the remainder when 150805 is divided by 843.
751
Calculate the remainder when 1738471 is divided by 496.
487
Calculate the remainder when 185428 is divided by 2736.
2116
Calculate the remainder when 36795 is divided by 3305.
440
What is the remainder when 353950 is divided by 72?
70
Calculate the remainder when 1784928 is divided by 185.
48
Calculate the remainder when 7153002 is divided by 83.
62
Calculate the remainder when 1412722 is divided by 43.
0
What is the remainder when 2048186 is divided by 1832?
10
What is the remainder when 560121 is divided by 277?
27
What is the remainder when 1671507 is divided by 81?
72
Calculate the remainder when 103222 is divided by 51570.
82
Calculate the remainder when 374835 is divided by 124785.
480
Calculate the remainder when 209590 is divided by 13426.
8200
What is the remainder when 1329824 is divided by 443273?
5
What is the remainder when 16548144 is divided by 3117?
3108
What is the remainder when 21387116 is divided by 1527651?
2
Calculate the remainder when 43959898 is divided by 577.
576
Calculate the remainder when 45895 is divided by 62.
15
Calculate the remainder when 10084558 is divided by 611.
3
Calculate the remainder when 511904608 is divided by 959.
957
Calculate the remainder when 70769231 is divided by 68.
67
Calculate the remainder when 115736 is divided by 1181.
1179
Calculate the remainder when 113828 is divided by 1218.
554
What is the remainder when 13553887 is divided by 182?
165
What is the remainder when 339265 is divided by 1974?
1711
Calculate the remainder when 760799 is divided by 84527.
56
Calculate the remainder when 15911985 is divided by 75.
60
Calculate the remainder when 1825977 is divided by 608655.
12
Wha